**2 - 16*t. What are the prime factors of w(6)?
2, 11
Suppose 67332 + 60210 = 29*g. What are the prime factors of g?
2, 3, 733
Suppose 5*a - 3*a = 120. Suppose -4*i + 5*u + a + 207 = 0, -u - 3 = 0. List the prime factors of i.
3, 7
Let p(o) = 16*o**3 + 3*o**2 + 11*o - 26. What are the prime factors of p(6)?
2, 17, 53
Suppose 162 = 6*i - 4*i. Let u be 1246/18 - 18/i. Suppose 0 = 3*x + 2*l - u, 4*x = -x - 2*l + 115. What are the prime factors of x?
23
Suppose -10 = 2*b - 24. Suppose -2*n - 1 = -b. Suppose -164 + 56 = -n*p. List the prime factors of p.
2, 3
Let q = 13 + -10. Suppose -l + 592 = 2*g + q*g, l = 4*g - 470. Suppose 0 = 5*b - 4*y - 46 - g, -b = 4*y - 28. List the prime factors of b.
2
Suppose -5*z + 10*z + 5*c = 65, -5*c - 47 = -3*z. Suppose -r + 86 = -z. List the prime factors of r.
2, 5
Let i = 599 + -322. What are the prime factors of i?
277
Let h be (-435)/(-6)*(-8)/(-10). Let t = h + 2. What are the prime factors of t?
2, 3, 5
Let s be 3984/40 + 4/10. Let m = -48 + s. What are the prime factors of (8/16)/(2/m)?
13
List the prime factors of (-8)/(72/(-6687)) - 8.
3, 5, 7
Let a(n) = -2*n**3 + 26*n**2 + 8*n - 8. What are the prime factors of a(13)?
2, 3
Suppose 153 = o - 3*y - 431, -1710 = -3*o - 5*y. List the prime factors of o.
5, 23
Let i be (-275)/(-20) - (0 + (-2)/8). Suppose -16*n + 266 = -i*n. List the prime factors of n.
7, 19
Let d = 367 + -259. What are the prime factors of d?
2, 3
Suppose 5*d + 0*d = 80. Suppose -d*u + 294 = -13*u. List the prime factors of u.
2, 7
What are the prime factors of (14 - 346)/(2/(-2))?
2, 83
Let s = -821 - -2017. List the prime factors of s.
2, 13, 23
Let w(g) = -g**3 + 10*g**2 + 2*g + 13. List the prime factors of w(4).
3, 13
Let a(l) = -l + 13. Let b be a(10). Let m(u) = 8*u**3 - 6*u**2 + 12*u + 4. List the prime factors of m(b).
2, 101
Suppose 10 = 5*d - 0. Suppose -f = 2*j - 34, -d*j + 72 = -0*f + 2*f. List the prime factors of f.
2, 19
Suppose 4*v - 638 = -q, 0*q - 156 = -v - 2*q. List the prime factors of v.
2, 5
Let s = -30 - -32. Suppose -3*v + k = s*v - 93, -v - 5*k + 3 = 0. What are the prime factors of v?
2, 3
Let m be ((-20)/25)/(2/25). Let d = 12 + m. Suppose -q + 19 = d*v, 5*q - 4*v - 60 = 21. List the prime factors of q.
17
Let s(k) = 7*k**2 + 33*k + 4 + 92*k**2 - 34*k - 3. What are the prime factors of s(1)?
3, 11
Let r(n) = n**3 - 2*n**2 - 16*n - 5. What are the prime factors of r(9)?
2, 11, 19
Suppose 5*c = 20, 5*c = b - 2*b + 25. Suppose 5*x = w - 3*w + 10, -b*w + 25 = -5*x. Suppose 113 = w*a + p, -2*p = 4*a + 18 - 106. List the prime factors of a.
23
Let l(w) = 29*w**2 - 5*w. Let z be l(-3). Suppose -y + 90 = -5*a, 4*y - a = -2*a + z. What are the prime factors of y?
2, 5, 7
Suppose -7 - 23 = 5*r. Let j(v) = -12*v - 1. List the prime factors of j(r).
71
Let x = -238 - -247. Let d(h) = -h**3 + 7*h**2 + 4*h**2 - 12 - 7*h - 3*h. What are the prime factors of d(x)?
2, 3, 5
Let h = -2 - -105. Let y = 184 - h. What are the prime factors of y?
3
Let q = -123 + 378. What are the prime factors of q?
3, 5, 17
Suppose 3*m - 3*c - 2595 = 0, m = -3*c + 47 + 806. List the prime factors of m.
2, 431
Let l be -1*(-3 + -1)/2. Suppose 0 = -n + 5*n + 8, 0 = 2*b - l*n - 50. List the prime factors of b.
23
Suppose 10 = -5*s, -4*j - 142*s + 1434 = -147*s. List the prime factors of j.
2, 89
Suppose -10*n - 158 = -2118. What are the prime factors of n?
2, 7
Let o(r) = 2*r**2 + 7*r - 4. Let d be o(-4). Suppose -5*b + 0 + 10 = d. Suppose 0 = 4*x + b*z - 62, 0*z - 4*z = x - 26. List the prime factors of x.
2, 7
Suppose -h + 8 - 11 = 0. Let q be (-1)/(-3) + (-17)/h. List the prime factors of 18 - q*1/2.
3, 5
Suppose 285 = -19*t + 24*t. Suppose -g + 31 = -t. What are the prime factors of g?
2, 11
Let j be (176 - (-3 - -6)) + -4 + 5. Suppose -152 = -2*z + j. List the prime factors of z.
163
Let d be (-3 + 1)*14/(-28). Let l(w) = 44*w**2 + 2*w - 2. List the prime factors of l(d).
2, 11
Let w(d) = -d**2 - 28*d - 84. Let a be w(-24). Suppose -4*l - 4*k = -132, 5*l - 129 = l - 3*k. What are the prime factors of a/5*l/9?
2
Let o = -31 + 22. List the prime factors of 156/10 + o/15.
3, 5
Suppose -7*s = 3*b - 3*s - 176, -5*s = b - 44. Suppose -179 - b = -3*o. List the prime factors of o.
3
Let f(o) = -5*o - 7. Let i be f(-11). Let p be (2/6)/(16/i). Suppose -3*y + p = -2, 0 = z + y - 60. What are the prime factors of z?
59
Suppose -r = -2*h + r + 106, h + 4*r = 48. Let t = h - 15. What are the prime factors of t?
37
Let u be (28/21)/(2/3). Let x be 6*(-3 + 17/u). Let b = x - 20. What are the prime factors of b?
13
Let y = 22 + -19. Suppose 0 = 3*v - 0*v, -a + 129 = -y*v. What are the prime factors of a?
3, 43
List the prime factors of (-6)/((-10656)/(-3560) - 3).
2, 5, 89
Let y be -5 - 2*9/(-6). What are the prime factors of y + 4 + 2 - (-28 - -23)?
3
Let j = -232 + 195. Suppose -3*n + 172 = 7. Let k = j + n. List the prime factors of k.
2, 3
Suppose 5*f + 2*b + 8 = 0, -5*b - 7 = -4*f + 13. Suppose -p - 304 = -5*k - f*k, -5*p - 320 = -5*k. What are the prime factors of k?
2, 3, 5
Let u(i) = 75*i**2 + 4*i - 7. List the prime factors of u(2).
7, 43
Let w = -7 + -23. List the prime factors of (-822)/(-10) + ((-42)/w)/(-7).
2, 41
Let i = 285 - 203. What are the prime factors of i*(-5)/(-4) + (-10)/(-20)?
103
Let u(c) = -c**2 + 14. Let o be u(-6). Let h = -13 - o. Suppose 4*j - 134 = -i, -h*j + 2*i + 161 = -4*j. What are the prime factors of j?
3, 11
List the prime factors of (-2)/(-18) - (-36746)/171.
5, 43
Let t = 8 - -3. Suppose y - t + 6 = 0. Suppose 0 = -a + 4*a - 4*v - 19, 0 = 4*a - y*v - 26. What are the prime factors of a?
3
Let t(l) = l**3 + 18*l**2 - 19*l - 6. List the prime factors of t(-18).
2, 3, 7
Let s(u) = 13*u**2 - 3*u + 6. Suppose t + 0*t + 3*k = 5, 0 = -4*t + 5*k + 3. What are the prime factors of s(t)?
2, 13
Let q = 33 + 2. Suppose 5*w = -5*i + q, 2*i + 0*w = 5*w. Suppose 0 = 2*m - t - 17, -5*m - i*t + 50 = -0*t. List the prime factors of m.
3
Let p(v) = -v**2 + 8*v + 6. Let r be p(7). Suppose -10*b + r*b = 297. List the prime factors of b.
3, 11
Suppose 2*a = -4, 3*r - 5*a + a = 1688. List the prime factors of r.
2, 5, 7
List the prime factors of (-2142)/(-2)*366/427.
2, 3, 17
Suppose 2*c - 6011 - 1433 = 0. List the prime factors of c.
2, 1861
What are the prime factors of 55455/54 - 16/(-288)?
13, 79
Suppose 0*v = -2*v + 5*f - 25, 5*v - 3*f + 15 = 0. Suppose -4*y + v*r + 999 = -r, -r = 3*y - 744. List the prime factors of y.
3, 83
Suppose 0 = -10*l + 996 - 156. List the prime factors of l.
2, 3, 7
What are the prime factors of (-130)/((-1)/6*1)?
2, 3, 5, 13
Let u = 26 + -47. Let p = u - -33. List the prime factors of p.
2, 3
Let u(d) = -d**2 + 8*d - 2. Let f be u(7). Suppose -t - 3*j + 60 = -f*j, 0 = -t + 5*j + 69. Suppose 0*q + 2*q - t = 0. List the prime factors of q.
3
Suppose 2*q = -4*r + 3236, 13*q = 11*q + r + 3211. What are the prime factors of q?
2, 3, 67
Let h be (-26)/(-4) + (-11)/((-110)/(-15)). List the prime factors of ((-15)/h - 209)*1/(-2).
2, 53
Let a = 15705 - 10434. List the prime factors of a.
3, 7, 251
Suppose -1700 = -2*w + 4*x, 3*x + 1292 = 5*w - 2965. List the prime factors of w.
2, 3, 71
Let g(h) = -h**2 - h + 1. Let y be g(1). List the prime factors of y*(-46)/1 - 1.
3, 5
Let m = -96 + 72. Let l = 76 + m. What are the prime factors of l?
2, 13
Suppose 2*o = -3*q - 3*o + 332, 3*q = 4*o + 377. Let s = q + -83. List the prime factors of s.
2, 3
Let u = 13 + -11. Suppose 15 = -u*q + 39. List the prime factors of q.
2, 3
Suppose 5*p - 9*p = -1964. Let r = -347 + p. List the prime factors of r.
2, 3
Let m = -1148 - -3693. List the prime factors of m.
5, 509
Let n(c) = 14*c + 10. Suppose -5*z + 3*z + 6 = 0. List the prime factors of n(z).
2, 13
Let k(v) = -10*v + 97*v - 4 - 8 - 4. What are the prime factors of k(2)?
2, 79
Suppose 0*v - 3*v + 24 = 3*d, 3*d + 16 = v. Let j = v - 10. Suppose 6 + j = g. List the prime factors of g.
2, 3
Let a be 2/5 + (-7)/(105/6). Suppose -15*g + 17*g - 256 = a. What are the prime factors of g?
2
Suppose -6*p = -4*p. Suppose 4*n + p*r - 162 = 3*r, 3*n - 116 = 5*r. What are the prime factors of n?
2, 3, 7
Suppose 0 = -2*q - 3*j - 7, 0 = -2*q - 4*j + 4 - 16. Let a be (-4*1)/(-2) - 0. Suppose -5*o = -20, a*l - q = -l + 5*o. What are the prime f